{"id":545,"date":"2017-01-07T19:43:28","date_gmt":"2017-01-07T18:43:28","guid":{"rendered":"http:\/\/fhpsbsc.be\/?page_id=545"},"modified":"2017-01-08T02:50:44","modified_gmt":"2017-01-08T01:50:44","slug":"lieux-ou-la-peche-est-interdite","status":"publish","type":"page","link":"https:\/\/fhpsbsc.be\/index.php\/liens-externes\/lieux-ou-la-peche-est-interdite\/","title":{"rendered":"Lieux ou la p\u00eache est interdite"},"content":{"rendered":"<div class=\"fusion-fullwidth fullwidth-box fusion-builder-row-1 nonhundred-percent-fullwidth non-hundred-percent-height-scrolling\" style=\"background-color: rgba(255,255,255,0);background-position: center center;background-repeat: no-repeat;padding-top:20px;padding-right:0px;padding-bottom:20px;padding-left:0px;margin-bottom: 0px;margin-top: 0px;border-width: 0px 0px 0px 0px;border-color:#eae9e9;border-style:solid;\" ><div class=\"fusion-builder-row fusion-row\"><div class=\"fusion-layout-column fusion_builder_column fusion-builder-column-0 fusion_builder_column_1_1 1_1 fusion-one-full fusion-column-first fusion-column-last\" style=\"margin-top:0px;margin-bottom:0px;\"><div class=\"fusion-column-wrapper fusion-flex-column-wrapper-legacy\" style=\"background-position:left top;background-repeat:no-repeat;-webkit-background-size:cover;-moz-background-size:cover;-o-background-size:cover;background-size:cover;padding: 0px 0px 0px 0px;\"><style type=\"text\/css\"><\/style><div class=\"fusion-title title fusion-title-1 fusion-title-text fusion-title-size-one\" style=\"margin-top:0px;margin-bottom:31px;\"><h1 class=\"title-heading-left\" style=\"margin:0;\"><h1><span style=\"color: #0000ff;\"><strong>Lieux ou la p\u00eache est interdite en tout temps<\/strong><\/span><\/h1>\n<hr \/><\/h1><div class=\"title-sep-container\"><div class=\"title-sep sep-double sep-solid\" style=\"border-color:#e0dede;\"><\/div><\/div><\/div><div class=\"fusion-text fusion-text-1\" style=\"transform:translate3d(0,0,0);\"><p>1\u00b0 dans les \u00e9cluses;<\/p>\n<p>2\u00b0 dans les passes \u00e0 poissons, rivi\u00e8res artificielles de contournement des obstacles \u00e0 la libre circulation des poissons et exutoires de d\u00e9valaison, ainsi qu&rsquo;\u00e0 moins de cinquante m\u00e8tres de ces infrastructures;<\/p>\n<p>3\u00b0 sur et \u00e0 moins de cinquante m\u00e8tres en aval des barrages et d\u00e9versoirs dans la zone d&rsquo;eaux calmes;<\/p>\n<p>4\u00b0 du haut des ponts et des passerelles enjambant les voies hydrauliques;<\/p>\n<p>5\u00b0 \u00e0 partir de l&rsquo;\u00eele Monsin, \u00e0 l&rsquo;exception du bord de l&rsquo;Esplanade Albert 1<sup>er;<\/sup>6\u00b0 dans les noues, \u00e0 l&rsquo;exception des noues de la Sambre et du Hemlot, dans lesquelles la p\u00eache reste autoris\u00e9e;<\/p>\n<p>7\u00b0 dans les fray\u00e8res suivantes de la Meuse : fray\u00e8res du Col\u00e9bi, de Dave, de Jambes, de Maizeret, de Nam\u00eache, de Lanaye et des \u00eeles d&rsquo;Ossay et de Bouries;<\/p>\n<p>8\u00b0 dans les embouchures suivantes d&rsquo;affluents de la Sambre :<\/p>\n<ol>\n<li>dans la Thure, en aval du pont de la rue du Ch\u00e2teau-Fort \u00e0 Solre-sur-Sambre;<\/li>\n<li>dans la Hantes, en aval du pont de la rue Sous Bois \u00e0 la Buissi\u00e8re;<\/li>\n<li>dans la Biesmelle, en aval du pont de la rue des Moustiers \u00e0 Thuin;<\/li>\n<li>dans l&rsquo;Eau d&rsquo;Heure, en aval du pont du chemin de fer Charleroi-Bruxelles \u00e0 Marchiennes-au-Pont;<\/li>\n<li>dans la Biesme, en aval du pont de la rue d&rsquo;Oignies \u00e0 Aiseau-Presles;<\/li>\n<li>dans le ruisseau de Fosses, en aval du pont de la rue Pont-\u00e0-Biesmes \u00e0 Auvelais;<\/li>\n<\/ol>\n<p>9\u00b0 dans les embouchures suivantes d&rsquo;affluents de la Meuse :<\/p>\n<ol>\n<li>dans l&rsquo;Hermeton, en aval du pont de la route N96 \u00e0 Hasti\u00e8re-Lavaux;<\/li>\n<li>dans la Molign\u00e9e, en aval du pont de la route N96 \u00e0 Anh\u00e9e;<\/li>\n<li>dans le Bocq, en aval du pont de chemin de fer Namur-Dinant \u00e0 Yvoir;<\/li>\n<li>dans le Burnot, en aval du pont de la chauss\u00e9e de Dinant \u00e0 Rivi\u00e8re;<\/li>\n<li>dans le Samson, en aval du pont de la route N90 \u00e0 Thon;<\/li>\n<li>dans la Mehaigne, en aval du pont de chemin de fer Namur-Li\u00e8ge \u00e0 Wanze;<\/li>\n<\/ol>\n<p>10\u00b0 dans les parties de cours d&rsquo;eau suivantes :<\/p>\n<ol>\n<li>dans les cours d&rsquo;eau de la zone d&rsquo;eaux vives d\u00e9finie \u00e0 l&rsquo;annexe 3, l\u00e0 o\u00f9 ils traversent un bois b\u00e9n\u00e9ficiant du r\u00e9gime forestier, \u00e0 l&rsquo;exception des parties de cours d&rsquo;eau mentionn\u00e9es \u00e0 l&rsquo;annexe 4;<\/li>\n<li>dans la Meuse, en aval du barrage de Lixhe, en rive droite jusqu&rsquo;\u00e0 la limite avec la R\u00e9gion flamande et en rive gauche jusqu&rsquo;\u00e0 la hauteur du croisement entre la rue de Halle et le quai du barrage;<\/li>\n<li>dans l&rsquo;Ambl\u00e8ve, \u00e0 moins de cinquante m\u00e8tres en aval de la cascade de Coo;<\/li>\n<li>dans l&rsquo;Ourthe, entre le barrage et le pont de Nisramont, ainsi qu&rsquo;en aval du barrage des Grosses Battes \u00e0 Angleur jusqu&rsquo;au pont des Grosses Battes \u00e0 Angleur;<\/li>\n<li>dans la Semois, depuis la Vanne des Bains jusqu&rsquo;au pont de France \u00e0 Bouillon, ainsi que sur toute la largeur de la Semois depuis vingt m\u00e8tres en amont de l&#8217;embouchure de la noue des Ilions jusqu&rsquo;au pont de la route N832 \u00e0 Cugnon;<\/li>\n<\/ol>\n<p>11\u00b0dans les pi\u00e8ces d&rsquo;eau suivantes :<\/p>\n<ol>\n<li>le lac de la Gileppe;<\/li>\n<li>le lac d&rsquo;Eupen;<\/li>\n<li>le Ry de Rome.<\/li>\n<\/ol>\n<\/div><div class=\"fusion-clearfix\"><\/div><\/div><\/div><\/div><\/div>\n","protected":false},"excerpt":{"rendered":"","protected":false},"author":1,"featured_media":0,"parent":229,"menu_order":4,"comment_status":"closed","ping_status":"closed","template":"side-navigation.php","meta":{"_monsterinsights_skip_tracking":false,"_monsterinsights_sitenote_active":false,"_monsterinsights_sitenote_note":"","_monsterinsights_sitenote_category":0},"yoast_head":"<!-- This site is optimized with the Yoast SEO plugin v17.9 - https:\/\/yoast.com\/wordpress\/plugins\/seo\/ -->\n<title>Lieux ou la p\u00eache est interdite - F\u00e9d\u00e9ration Halieutique et Piscicole du Sous Bassin Semois-Chiers<\/title>\n<meta name=\"robots\" content=\"index, follow, max-snippet:-1, max-image-preview:large, max-video-preview:-1\" \/>\n<link rel=\"canonical\" href=\"https:\/\/fhpsbsc.be\/index.php\/liens-externes\/lieux-ou-la-peche-est-interdite\/\" \/>\n<meta property=\"og:locale\" content=\"fr_FR\" \/>\n<meta property=\"og:type\" content=\"article\" \/>\n<meta property=\"og:title\" content=\"Lieux ou la p\u00eache est interdite - F\u00e9d\u00e9ration Halieutique et Piscicole du Sous Bassin Semois-Chiers\" \/>\n<meta property=\"og:url\" content=\"https:\/\/fhpsbsc.be\/index.php\/liens-externes\/lieux-ou-la-peche-est-interdite\/\" \/>\n<meta property=\"og:site_name\" content=\"F\u00e9d\u00e9ration Halieutique et Piscicole du Sous Bassin Semois-Chiers\" \/>\n<meta property=\"article:modified_time\" content=\"2017-01-08T01:50:44+00:00\" \/>\n<meta name=\"twitter:card\" content=\"summary_large_image\" \/>\n<meta name=\"twitter:label1\" content=\"Dur\u00e9e de lecture estim\u00e9e\" \/>\n\t<meta name=\"twitter:data1\" content=\"3 minutes\" \/>\n<script type=\"application\/ld+json\" class=\"yoast-schema-graph\">{\"@context\":\"https:\/\/schema.org\",\"@graph\":[{\"@type\":\"WebSite\",\"@id\":\"https:\/\/fhpsbsc.be\/#website\",\"url\":\"https:\/\/fhpsbsc.be\/\",\"name\":\"F\\u00e9d\\u00e9ration Halieutique et Piscicole du Sous Bassin Semois-Chiers\",\"description\":\"\",\"potentialAction\":[{\"@type\":\"SearchAction\",\"target\":{\"@type\":\"EntryPoint\",\"urlTemplate\":\"https:\/\/fhpsbsc.be\/?s={search_term_string}\"},\"query-input\":\"required name=search_term_string\"}],\"inLanguage\":\"fr-FR\"},{\"@type\":\"WebPage\",\"@id\":\"https:\/\/fhpsbsc.be\/index.php\/liens-externes\/lieux-ou-la-peche-est-interdite\/#webpage\",\"url\":\"https:\/\/fhpsbsc.be\/index.php\/liens-externes\/lieux-ou-la-peche-est-interdite\/\",\"name\":\"Lieux ou la p\\u00eache est interdite - F\\u00e9d\\u00e9ration Halieutique et Piscicole du Sous Bassin Semois-Chiers\",\"isPartOf\":{\"@id\":\"https:\/\/fhpsbsc.be\/#website\"},\"datePublished\":\"2017-01-07T18:43:28+00:00\",\"dateModified\":\"2017-01-08T01:50:44+00:00\",\"breadcrumb\":{\"@id\":\"https:\/\/fhpsbsc.be\/index.php\/liens-externes\/lieux-ou-la-peche-est-interdite\/#breadcrumb\"},\"inLanguage\":\"fr-FR\",\"potentialAction\":[{\"@type\":\"ReadAction\",\"target\":[\"https:\/\/fhpsbsc.be\/index.php\/liens-externes\/lieux-ou-la-peche-est-interdite\/\"]}]},{\"@type\":\"BreadcrumbList\",\"@id\":\"https:\/\/fhpsbsc.be\/index.php\/liens-externes\/lieux-ou-la-peche-est-interdite\/#breadcrumb\",\"itemListElement\":[{\"@type\":\"ListItem\",\"position\":1,\"name\":\"Accueil\",\"item\":\"https:\/\/fhpsbsc.be\/\"},{\"@type\":\"ListItem\",\"position\":2,\"name\":\"R\\u00e9forme de la p\\u00eache\",\"item\":\"https:\/\/fhpsbsc.be\/index.php\/liens-externes\/\"},{\"@type\":\"ListItem\",\"position\":3,\"name\":\"Lieux ou la p\\u00eache est interdite\"}]}]}<\/script>\n<!-- \/ Yoast SEO plugin. -->","yoast_head_json":{"title":"Lieux ou la p\u00eache est interdite - F\u00e9d\u00e9ration Halieutique et Piscicole du Sous Bassin Semois-Chiers","robots":{"index":"index","follow":"follow","max-snippet":"max-snippet:-1","max-image-preview":"max-image-preview:large","max-video-preview":"max-video-preview:-1"},"canonical":"https:\/\/fhpsbsc.be\/index.php\/liens-externes\/lieux-ou-la-peche-est-interdite\/","og_locale":"fr_FR","og_type":"article","og_title":"Lieux ou la p\u00eache est interdite - F\u00e9d\u00e9ration Halieutique et Piscicole du Sous Bassin Semois-Chiers","og_url":"https:\/\/fhpsbsc.be\/index.php\/liens-externes\/lieux-ou-la-peche-est-interdite\/","og_site_name":"F\u00e9d\u00e9ration Halieutique et Piscicole du Sous Bassin Semois-Chiers","article_modified_time":"2017-01-08T01:50:44+00:00","twitter_card":"summary_large_image","twitter_misc":{"Dur\u00e9e de lecture estim\u00e9e":"3 minutes"},"schema":{"@context":"https:\/\/schema.org","@graph":[{"@type":"WebSite","@id":"https:\/\/fhpsbsc.be\/#website","url":"https:\/\/fhpsbsc.be\/","name":"F\u00e9d\u00e9ration Halieutique et Piscicole du Sous Bassin Semois-Chiers","description":"","potentialAction":[{"@type":"SearchAction","target":{"@type":"EntryPoint","urlTemplate":"https:\/\/fhpsbsc.be\/?s={search_term_string}"},"query-input":"required name=search_term_string"}],"inLanguage":"fr-FR"},{"@type":"WebPage","@id":"https:\/\/fhpsbsc.be\/index.php\/liens-externes\/lieux-ou-la-peche-est-interdite\/#webpage","url":"https:\/\/fhpsbsc.be\/index.php\/liens-externes\/lieux-ou-la-peche-est-interdite\/","name":"Lieux ou la p\u00eache est interdite - F\u00e9d\u00e9ration Halieutique et Piscicole du Sous Bassin Semois-Chiers","isPartOf":{"@id":"https:\/\/fhpsbsc.be\/#website"},"datePublished":"2017-01-07T18:43:28+00:00","dateModified":"2017-01-08T01:50:44+00:00","breadcrumb":{"@id":"https:\/\/fhpsbsc.be\/index.php\/liens-externes\/lieux-ou-la-peche-est-interdite\/#breadcrumb"},"inLanguage":"fr-FR","potentialAction":[{"@type":"ReadAction","target":["https:\/\/fhpsbsc.be\/index.php\/liens-externes\/lieux-ou-la-peche-est-interdite\/"]}]},{"@type":"BreadcrumbList","@id":"https:\/\/fhpsbsc.be\/index.php\/liens-externes\/lieux-ou-la-peche-est-interdite\/#breadcrumb","itemListElement":[{"@type":"ListItem","position":1,"name":"Accueil","item":"https:\/\/fhpsbsc.be\/"},{"@type":"ListItem","position":2,"name":"R\u00e9forme de la p\u00eache","item":"https:\/\/fhpsbsc.be\/index.php\/liens-externes\/"},{"@type":"ListItem","position":3,"name":"Lieux ou la p\u00eache est interdite"}]}]}},"_links":{"self":[{"href":"https:\/\/fhpsbsc.be\/index.php\/wp-json\/wp\/v2\/pages\/545"}],"collection":[{"href":"https:\/\/fhpsbsc.be\/index.php\/wp-json\/wp\/v2\/pages"}],"about":[{"href":"https:\/\/fhpsbsc.be\/index.php\/wp-json\/wp\/v2\/types\/page"}],"author":[{"embeddable":true,"href":"https:\/\/fhpsbsc.be\/index.php\/wp-json\/wp\/v2\/users\/1"}],"replies":[{"embeddable":true,"href":"https:\/\/fhpsbsc.be\/index.php\/wp-json\/wp\/v2\/comments?post=545"}],"version-history":[{"count":6,"href":"https:\/\/fhpsbsc.be\/index.php\/wp-json\/wp\/v2\/pages\/545\/revisions"}],"predecessor-version":[{"id":551,"href":"https:\/\/fhpsbsc.be\/index.php\/wp-json\/wp\/v2\/pages\/545\/revisions\/551"}],"up":[{"embeddable":true,"href":"https:\/\/fhpsbsc.be\/index.php\/wp-json\/wp\/v2\/pages\/229"}],"wp:attachment":[{"href":"https:\/\/fhpsbsc.be\/index.php\/wp-json\/wp\/v2\/media?parent=545"}],"curies":[{"name":"wp","href":"https:\/\/api.w.org\/{rel}","templated":true}]}}